{"id":474,"date":"2019-03-07T09:06:12","date_gmt":"2019-03-07T09:06:12","guid":{"rendered":"http:\/\/dog-vital.com\/?page_id=474"},"modified":"2019-03-07T09:13:12","modified_gmt":"2019-03-07T09:13:12","slug":"geraetetherapie","status":"publish","type":"page","link":"https:\/\/dog-vital.com\/?page_id=474","title":{"rendered":"Ger\u00e4tetherapie"},"content":{"rendered":"<p><strong>\u00a0<img loading=\"lazy\" decoding=\"async\" class=\"size-medium wp-image-478 alignright\" src=\"http:\/\/dog-vital.com\/wp-content\/uploads\/2019\/03\/DSC_5151-271x300.jpg\" alt=\"\" width=\"271\" height=\"300\" srcset=\"https:\/\/dog-vital.com\/wp-content\/uploads\/2019\/03\/DSC_5151-271x300.jpg 271w, https:\/\/dog-vital.com\/wp-content\/uploads\/2019\/03\/DSC_5151-768x850.jpg 768w, https:\/\/dog-vital.com\/wp-content\/uploads\/2019\/03\/DSC_5151-925x1024.jpg 925w, https:\/\/dog-vital.com\/wp-content\/uploads\/2019\/03\/DSC_5151.jpg 1806w\" sizes=\"auto, (max-width: 271px) 100vw, 271px\" \/>Ger\u00e4tetherapie<\/strong> ist eine aktive Behandlungsform, bei der bestimmte medizinische Trainingsger\u00e4te eingesetzt werden. Mit Hilfe der verschiedenen Ger\u00e4te wird Muskulatur aufgebaut. Gleichzeitig werden Gleichgewicht, Koordination, Mobilit\u00e4t und die Wahrnehmung geschult. Erfahrungsgem\u00e4\u00df haben die Hunde sehr viel Spa\u00df am Ger\u00e4tetraining. Bei vielen Erkrankungsbildern kann man durch das Ger\u00e4tetraining eine deutliche Verbesserung des Wohlbefindens der Hunde feststellen. Durch den Muskelaufbau werden schwache oder Erkrankte Gelenke entlastet und die Hunde k\u00f6nnen sich schmerzfreier und besser Bewegen.<\/p>\n<p>Aber auch f\u00fcr \u00e4ltere Hunde mit Gleichgewichtsst\u00f6rungen ist das Ger\u00e4tetrainig eine gute M\u00f6glichkeit um wieder mehr Sicherheit und Standfestigkeit zu gewinnen.<\/p>\n<p>In der <strong>Ger\u00e4tetherapie<\/strong> k\u00f6nnen sehr viele unterschiedliche Ger\u00e4te eingesetzt werden. Zum Beispiel: Elektrisches Laufband, Schaukelbrett, Slalom, Trampolin, Cavaletti, verschiedene Luftkissen, Gewichtsmanschetten, Therapiekreisel, Physiob\u00e4lle, Stepper usw.<\/p>\n","protected":false},"excerpt":{"rendered":"<p>\u00a0Ger\u00e4tetherapie ist eine aktive Behandlungsform, bei der bestimmte medizinische Trainingsger\u00e4te eingesetzt werden. Mit Hilfe der verschiedenen Ger\u00e4te wird Muskulatur aufgebaut. Gleichzeitig werden Gleichgewicht, Koordination, Mobilit\u00e4t und die Wahrnehmung geschult. Erfahrungsgem\u00e4\u00df haben die Hunde sehr viel Spa\u00df am Ger\u00e4tetraining. Bei vielen Erkrankungsbildern kann man durch das Ger\u00e4tetraining eine deutliche Verbesserung des Wohlbefindens der Hunde feststellen. Durch <a class=\"more-link\" href=\"https:\/\/dog-vital.com\/?page_id=474\">Weiterlesen <i class=\"fa fa-chevron-right\"><\/i><\/a><\/p>\n","protected":false},"author":1,"featured_media":0,"parent":0,"menu_order":0,"comment_status":"closed","ping_status":"closed","template":"","meta":{"footnotes":""},"class_list":["post-474","page","type-page","status-publish","hentry"],"yoast_head":"<!-- This site is optimized with the Yoast SEO plugin v26.6 - https:\/\/yoast.com\/wordpress\/plugins\/seo\/ -->\n<title>Ger\u00e4tetherapie - dog-vital.com<\/title>\n<meta name=\"robots\" content=\"index, follow, max-snippet:-1, max-image-preview:large, max-video-preview:-1\" \/>\n<link rel=\"canonical\" href=\"https:\/\/dog-vital.com\/?page_id=474\" \/>\n<meta property=\"og:locale\" content=\"de_DE\" \/>\n<meta property=\"og:type\" content=\"article\" \/>\n<meta property=\"og:title\" content=\"Ger\u00e4tetherapie - dog-vital.com\" \/>\n<meta property=\"og:description\" content=\"\u00a0Ger\u00e4tetherapie ist eine aktive Behandlungsform, bei der bestimmte medizinische Trainingsger\u00e4te eingesetzt werden. Mit Hilfe der verschiedenen Ger\u00e4te wird Muskulatur aufgebaut. Gleichzeitig werden Gleichgewicht, Koordination, Mobilit\u00e4t und die Wahrnehmung geschult. Erfahrungsgem\u00e4\u00df haben die Hunde sehr viel Spa\u00df am Ger\u00e4tetraining. Bei vielen Erkrankungsbildern kann man durch das Ger\u00e4tetraining eine deutliche Verbesserung des Wohlbefindens der Hunde feststellen. Durch Weiterlesen\" \/>\n<meta property=\"og:url\" content=\"https:\/\/dog-vital.com\/?page_id=474\" \/>\n<meta property=\"og:site_name\" content=\"dog-vital.com\" \/>\n<meta property=\"article:modified_time\" content=\"2019-03-07T09:13:12+00:00\" \/>\n<meta property=\"og:image\" content=\"http:\/\/dog-vital.com\/wp-content\/uploads\/2019\/03\/DSC_5151-271x300.jpg\" \/>\n<meta name=\"twitter:card\" content=\"summary_large_image\" \/>\n<meta name=\"twitter:label1\" content=\"Gesch\u00e4tzte Lesezeit\" \/>\n\t<meta name=\"twitter:data1\" content=\"1\u00a0Minute\" \/>\n<script type=\"application\/ld+json\" class=\"yoast-schema-graph\">{\"@context\":\"https:\/\/schema.org\",\"@graph\":[{\"@type\":\"WebPage\",\"@id\":\"https:\/\/dog-vital.com\/?page_id=474\",\"url\":\"https:\/\/dog-vital.com\/?page_id=474\",\"name\":\"Ger\u00e4tetherapie - dog-vital.com\",\"isPartOf\":{\"@id\":\"https:\/\/dog-vital.com\/#website\"},\"primaryImageOfPage\":{\"@id\":\"https:\/\/dog-vital.com\/?page_id=474#primaryimage\"},\"image\":{\"@id\":\"https:\/\/dog-vital.com\/?page_id=474#primaryimage\"},\"thumbnailUrl\":\"http:\/\/dog-vital.com\/wp-content\/uploads\/2019\/03\/DSC_5151-271x300.jpg\",\"datePublished\":\"2019-03-07T09:06:12+00:00\",\"dateModified\":\"2019-03-07T09:13:12+00:00\",\"breadcrumb\":{\"@id\":\"https:\/\/dog-vital.com\/?page_id=474#breadcrumb\"},\"inLanguage\":\"de\",\"potentialAction\":[{\"@type\":\"ReadAction\",\"target\":[\"https:\/\/dog-vital.com\/?page_id=474\"]}]},{\"@type\":\"ImageObject\",\"inLanguage\":\"de\",\"@id\":\"https:\/\/dog-vital.com\/?page_id=474#primaryimage\",\"url\":\"https:\/\/dog-vital.com\/wp-content\/uploads\/2019\/03\/DSC_5151.jpg\",\"contentUrl\":\"https:\/\/dog-vital.com\/wp-content\/uploads\/2019\/03\/DSC_5151.jpg\",\"width\":1806,\"height\":2000},{\"@type\":\"BreadcrumbList\",\"@id\":\"https:\/\/dog-vital.com\/?page_id=474#breadcrumb\",\"itemListElement\":[{\"@type\":\"ListItem\",\"position\":1,\"name\":\"Start\",\"item\":\"https:\/\/dog-vital.com\/\"},{\"@type\":\"ListItem\",\"position\":2,\"name\":\"Ger\u00e4tetherapie\"}]},{\"@type\":\"WebSite\",\"@id\":\"https:\/\/dog-vital.com\/#website\",\"url\":\"https:\/\/dog-vital.com\/\",\"name\":\"dog-vital.com\",\"description\":\"\",\"potentialAction\":[{\"@type\":\"SearchAction\",\"target\":{\"@type\":\"EntryPoint\",\"urlTemplate\":\"https:\/\/dog-vital.com\/?s={search_term_string}\"},\"query-input\":{\"@type\":\"PropertyValueSpecification\",\"valueRequired\":true,\"valueName\":\"search_term_string\"}}],\"inLanguage\":\"de\"}]}<\/script>\n<!-- \/ Yoast SEO plugin. -->","yoast_head_json":{"title":"Ger\u00e4tetherapie - dog-vital.com","robots":{"index":"index","follow":"follow","max-snippet":"max-snippet:-1","max-image-preview":"max-image-preview:large","max-video-preview":"max-video-preview:-1"},"canonical":"https:\/\/dog-vital.com\/?page_id=474","og_locale":"de_DE","og_type":"article","og_title":"Ger\u00e4tetherapie - dog-vital.com","og_description":"\u00a0Ger\u00e4tetherapie ist eine aktive Behandlungsform, bei der bestimmte medizinische Trainingsger\u00e4te eingesetzt werden. Mit Hilfe der verschiedenen Ger\u00e4te wird Muskulatur aufgebaut. Gleichzeitig werden Gleichgewicht, Koordination, Mobilit\u00e4t und die Wahrnehmung geschult. Erfahrungsgem\u00e4\u00df haben die Hunde sehr viel Spa\u00df am Ger\u00e4tetraining. Bei vielen Erkrankungsbildern kann man durch das Ger\u00e4tetraining eine deutliche Verbesserung des Wohlbefindens der Hunde feststellen. Durch Weiterlesen","og_url":"https:\/\/dog-vital.com\/?page_id=474","og_site_name":"dog-vital.com","article_modified_time":"2019-03-07T09:13:12+00:00","og_image":[{"url":"http:\/\/dog-vital.com\/wp-content\/uploads\/2019\/03\/DSC_5151-271x300.jpg","type":"","width":"","height":""}],"twitter_card":"summary_large_image","twitter_misc":{"Gesch\u00e4tzte Lesezeit":"1\u00a0Minute"},"schema":{"@context":"https:\/\/schema.org","@graph":[{"@type":"WebPage","@id":"https:\/\/dog-vital.com\/?page_id=474","url":"https:\/\/dog-vital.com\/?page_id=474","name":"Ger\u00e4tetherapie - dog-vital.com","isPartOf":{"@id":"https:\/\/dog-vital.com\/#website"},"primaryImageOfPage":{"@id":"https:\/\/dog-vital.com\/?page_id=474#primaryimage"},"image":{"@id":"https:\/\/dog-vital.com\/?page_id=474#primaryimage"},"thumbnailUrl":"http:\/\/dog-vital.com\/wp-content\/uploads\/2019\/03\/DSC_5151-271x300.jpg","datePublished":"2019-03-07T09:06:12+00:00","dateModified":"2019-03-07T09:13:12+00:00","breadcrumb":{"@id":"https:\/\/dog-vital.com\/?page_id=474#breadcrumb"},"inLanguage":"de","potentialAction":[{"@type":"ReadAction","target":["https:\/\/dog-vital.com\/?page_id=474"]}]},{"@type":"ImageObject","inLanguage":"de","@id":"https:\/\/dog-vital.com\/?page_id=474#primaryimage","url":"https:\/\/dog-vital.com\/wp-content\/uploads\/2019\/03\/DSC_5151.jpg","contentUrl":"https:\/\/dog-vital.com\/wp-content\/uploads\/2019\/03\/DSC_5151.jpg","width":1806,"height":2000},{"@type":"BreadcrumbList","@id":"https:\/\/dog-vital.com\/?page_id=474#breadcrumb","itemListElement":[{"@type":"ListItem","position":1,"name":"Start","item":"https:\/\/dog-vital.com\/"},{"@type":"ListItem","position":2,"name":"Ger\u00e4tetherapie"}]},{"@type":"WebSite","@id":"https:\/\/dog-vital.com\/#website","url":"https:\/\/dog-vital.com\/","name":"dog-vital.com","description":"","potentialAction":[{"@type":"SearchAction","target":{"@type":"EntryPoint","urlTemplate":"https:\/\/dog-vital.com\/?s={search_term_string}"},"query-input":{"@type":"PropertyValueSpecification","valueRequired":true,"valueName":"search_term_string"}}],"inLanguage":"de"}]}},"_links":{"self":[{"href":"https:\/\/dog-vital.com\/index.php?rest_route=\/wp\/v2\/pages\/474","targetHints":{"allow":["GET"]}}],"collection":[{"href":"https:\/\/dog-vital.com\/index.php?rest_route=\/wp\/v2\/pages"}],"about":[{"href":"https:\/\/dog-vital.com\/index.php?rest_route=\/wp\/v2\/types\/page"}],"author":[{"embeddable":true,"href":"https:\/\/dog-vital.com\/index.php?rest_route=\/wp\/v2\/users\/1"}],"replies":[{"embeddable":true,"href":"https:\/\/dog-vital.com\/index.php?rest_route=%2Fwp%2Fv2%2Fcomments&post=474"}],"version-history":[{"count":2,"href":"https:\/\/dog-vital.com\/index.php?rest_route=\/wp\/v2\/pages\/474\/revisions"}],"predecessor-version":[{"id":479,"href":"https:\/\/dog-vital.com\/index.php?rest_route=\/wp\/v2\/pages\/474\/revisions\/479"}],"wp:attachment":[{"href":"https:\/\/dog-vital.com\/index.php?rest_route=%2Fwp%2Fv2%2Fmedia&parent=474"}],"curies":[{"name":"wp","href":"https:\/\/api.w.org\/{rel}","templated":true}]}}