{"id":374,"date":"2018-09-08T11:39:41","date_gmt":"2018-09-08T11:39:41","guid":{"rendered":"http:\/\/dog-vital.com\/?page_id=374"},"modified":"2018-11-13T19:55:24","modified_gmt":"2018-11-13T19:55:24","slug":"shop","status":"publish","type":"page","link":"https:\/\/dog-vital.com\/?page_id=374","title":{"rendered":"Shop"},"content":{"rendered":"<h4>Bei uns erh\u00e4ltlich:<\/h4>\n<p>Wir von dog-vital.com haben uns entschieden mit Partnern zusammenzuarbeiten, deren Produkte wir sowohl selbst verwenden als auch unseren Kunden nur empfehlen k\u00f6nnen. Ihr k\u00f6nnt die Produkte bei Interesse \u00fcber uns beziehen. Gerne beraten wir euch auch bei m\u00f6glichen Fragen zu den einzelnen Produkten.<\/p>\n<hr \/>\n<p><img loading=\"lazy\" decoding=\"async\" class=\"alignnone wp-image-375\" src=\"http:\/\/dog-vital.com\/wp-content\/uploads\/2018\/09\/22308561_1933650009993531_7587195707048578834_n.jpg\" alt=\"\" width=\"179\" height=\"179\" srcset=\"https:\/\/dog-vital.com\/wp-content\/uploads\/2018\/09\/22308561_1933650009993531_7587195707048578834_n.jpg 300w, https:\/\/dog-vital.com\/wp-content\/uploads\/2018\/09\/22308561_1933650009993531_7587195707048578834_n-150x150.jpg 150w, https:\/\/dog-vital.com\/wp-content\/uploads\/2018\/09\/22308561_1933650009993531_7587195707048578834_n-60x60.jpg 60w\" sizes=\"auto, (max-width: 179px) 100vw, 179px\" \/><\/p>\n<p>Die Hundebetten von DoggyBed wurden anfangs f\u00fcr Hunde entwickelt, die unter Gelenkbeschwerden wie Arthrose oder H\u00fcftgelenkdysplasie leiden. Bei einigen Rassen ist die Tendenz zu solchen Erkrankungen sehr deutlich zu erkennen. F\u00fcr Sch\u00e4ferhunde und auch andere gro\u00dfe Hunderassen ist das Risiko solcher Beschwerden offensichtlich besonders gro\u00df.<\/p>\n<p>Auf einer nachgiebigen und dennoch ausreichend festen Unterlage werden die Schmerzen, die bei einem herk\u00f6mmlichen Hundekorb vorhanden sind, deutlich verringert und manchmal auch komplett abgestellt. Viele Hunde, die mehrere Wochen lang in einem DoggyBed liegen, sp\u00fcren keine Schmerzen mehr und werden wieder aktiver. Diese Erfolge zeigen, wie clever die Ideengeber von DoggyBed sind.<\/p>\n<hr \/>\n<p><img loading=\"lazy\" decoding=\"async\" class=\"alignnone size-medium wp-image-195\" src=\"http:\/\/dog-vital.com\/wp-content\/uploads\/2018\/05\/social-media-300x157.jpg\" alt=\"\" width=\"300\" height=\"157\" srcset=\"https:\/\/dog-vital.com\/wp-content\/uploads\/2018\/05\/social-media-300x157.jpg 300w, https:\/\/dog-vital.com\/wp-content\/uploads\/2018\/05\/social-media-768x401.jpg 768w, https:\/\/dog-vital.com\/wp-content\/uploads\/2018\/05\/social-media-1024x535.jpg 1024w, https:\/\/dog-vital.com\/wp-content\/uploads\/2018\/05\/social-media.jpg 1200w\" sizes=\"auto, (max-width: 300px) 100vw, 300px\" \/><\/p>\n<p>Der Gelenkspezialist f\u00fcr Ihren Hund\u00a0European Pet Pharmacy entwickelt Pr\u00e4parate zur prophylaktischen und akuten Behandlung von Gelenkerkrankungen bei Hunden.<\/p>\n<hr \/>\n<p>&nbsp;<\/p>\n<p><img loading=\"lazy\" decoding=\"async\" class=\"alignnone wp-image-250\" src=\"http:\/\/dog-vital.com\/wp-content\/uploads\/2018\/07\/rm_shop_logo.png\" alt=\"\" width=\"301\" height=\"97\" \/><\/p>\n<p>Stellt\u00a0medizinischen Bandagen f\u00fcr Tiere her.<\/p>\n<p>Dabei richtet sich die Schnitt-Technik der einzelnen Bandagen nach den Bed\u00fcrfnissen der 4Beiner: Bewegungsfreiheit und Wohlbefinden und nach dem jeweils angestrebten Therapie-Ziel.<\/p>\n<hr \/>\n<p><img loading=\"lazy\" decoding=\"async\" class=\"alignnone wp-image-381\" src=\"http:\/\/dog-vital.com\/wp-content\/uploads\/2018\/09\/image-300x60.jpg\" alt=\"\" width=\"320\" height=\"64\" srcset=\"https:\/\/dog-vital.com\/wp-content\/uploads\/2018\/09\/image-300x60.jpg 300w, https:\/\/dog-vital.com\/wp-content\/uploads\/2018\/09\/image-768x153.jpg 768w, https:\/\/dog-vital.com\/wp-content\/uploads\/2018\/09\/image.jpg 870w\" sizes=\"auto, (max-width: 320px) 100vw, 320px\" \/><\/p>\n<p>Back on Track stellt thermisch wirksame Funktionstextilien und Gelenk- und Muskelschoner her, die aus einem keramischen Spezialgewebe produziert werden.<\/p>\n<p>Die Textilien sind aus speziellen Polyester- und Polypropylen-Fasern mit in der Faser eingeschlossenen Keramikpartikeln hergestellt (einige der Produkte haben eine produktbedingte Beimischung an Baumwollfasern). Die Keramik verleiht den Produkten eine einzigartige Eigenschaft, welche die K\u00f6perw\u00e4rme im Bereich der Infrarotstrahlung reflektiert.<\/p>\n<hr \/>\n<p><img loading=\"lazy\" decoding=\"async\" class=\"alignnone  wp-image-441\" src=\"http:\/\/dog-vital.com\/wp-content\/uploads\/2018\/11\/1-NEW-LOGO-FINAL-2018-700x217-300x93.png\" alt=\"\" width=\"216\" height=\"67\" srcset=\"https:\/\/dog-vital.com\/wp-content\/uploads\/2018\/11\/1-NEW-LOGO-FINAL-2018-700x217-300x93.png 300w, https:\/\/dog-vital.com\/wp-content\/uploads\/2018\/11\/1-NEW-LOGO-FINAL-2018-700x217.png 700w\" sizes=\"auto, (max-width: 216px) 100vw, 216px\" \/><\/p>\n<p>Die FitPAWS\u00ae Sportger\u00e4te f\u00fcr deinen Hund sind eine Weiterentwicklung der bew\u00e4hrten Sportger\u00e4te aus dem Bereich Rehabilitation und Physiotherapie bei uns Menschen.<\/p>\n<p>Zur Vorbeugung von Gelenk- und Muskelerkrankungen sowie zur Reha und Physio nach Operationen funktionieren die FitPAWS\u00ae Sportger\u00e4te nach einem ganz einfachen Prinzip: den Mikrobewegungen.<\/p>\n<p>Die mit Luft gef\u00fcllten Sportger\u00e4te wie z.B. die FitPAWS\u00ae Balance Disc bewirken, dass wenn dein Hund darauf steht, er stetig bem\u00fcht ist das Gleichgewicht zu halten. Hierbei werden s\u00e4mtliche Muskelgruppen angesprochen, die durch sogenannte Mikrobewegungen (kleinste Muskelbewegungen) das Gleichgewicht halten. Dabei ist der Schwierigkeitsgrad der \u00dcbungen durch mehr oder weniger Luft in den FitPAWS\u00ae Sportger\u00e4ten variabel.<\/p>\n","protected":false},"excerpt":{"rendered":"<p>Bei uns erh\u00e4ltlich: Wir von dog-vital.com haben uns entschieden mit Partnern zusammenzuarbeiten, deren Produkte wir sowohl selbst verwenden als auch unseren Kunden nur empfehlen k\u00f6nnen. Ihr k\u00f6nnt die Produkte bei Interesse \u00fcber uns beziehen. Gerne beraten wir euch auch bei m\u00f6glichen Fragen zu den einzelnen Produkten. Die Hundebetten von DoggyBed wurden anfangs f\u00fcr Hunde entwickelt, <a class=\"more-link\" href=\"https:\/\/dog-vital.com\/?page_id=374\">Weiterlesen <i class=\"fa fa-chevron-right\"><\/i><\/a><\/p>\n","protected":false},"author":1,"featured_media":0,"parent":0,"menu_order":0,"comment_status":"closed","ping_status":"closed","template":"","meta":{"footnotes":""},"class_list":["post-374","page","type-page","status-publish","hentry"],"yoast_head":"<!-- This site is optimized with the Yoast SEO plugin v26.6 - https:\/\/yoast.com\/wordpress\/plugins\/seo\/ -->\n<title>Shop - dog-vital.com<\/title>\n<meta name=\"robots\" content=\"index, follow, max-snippet:-1, max-image-preview:large, max-video-preview:-1\" \/>\n<link rel=\"canonical\" href=\"https:\/\/dog-vital.com\/?page_id=374\" \/>\n<meta property=\"og:locale\" content=\"de_DE\" \/>\n<meta property=\"og:type\" content=\"article\" \/>\n<meta property=\"og:title\" content=\"Shop - dog-vital.com\" \/>\n<meta property=\"og:description\" content=\"Bei uns erh\u00e4ltlich: Wir von dog-vital.com haben uns entschieden mit Partnern zusammenzuarbeiten, deren Produkte wir sowohl selbst verwenden als auch unseren Kunden nur empfehlen k\u00f6nnen. Ihr k\u00f6nnt die Produkte bei Interesse \u00fcber uns beziehen. Gerne beraten wir euch auch bei m\u00f6glichen Fragen zu den einzelnen Produkten. Die Hundebetten von DoggyBed wurden anfangs f\u00fcr Hunde entwickelt, Weiterlesen\" \/>\n<meta property=\"og:url\" content=\"https:\/\/dog-vital.com\/?page_id=374\" \/>\n<meta property=\"og:site_name\" content=\"dog-vital.com\" \/>\n<meta property=\"article:modified_time\" content=\"2018-11-13T19:55:24+00:00\" \/>\n<meta property=\"og:image\" content=\"http:\/\/dog-vital.com\/wp-content\/uploads\/2018\/09\/22308561_1933650009993531_7587195707048578834_n.jpg\" \/>\n<meta name=\"twitter:card\" content=\"summary_large_image\" \/>\n<meta name=\"twitter:label1\" content=\"Gesch\u00e4tzte Lesezeit\" \/>\n\t<meta name=\"twitter:data1\" content=\"2\u00a0Minuten\" \/>\n<script type=\"application\/ld+json\" class=\"yoast-schema-graph\">{\"@context\":\"https:\/\/schema.org\",\"@graph\":[{\"@type\":\"WebPage\",\"@id\":\"https:\/\/dog-vital.com\/?page_id=374\",\"url\":\"https:\/\/dog-vital.com\/?page_id=374\",\"name\":\"Shop - dog-vital.com\",\"isPartOf\":{\"@id\":\"https:\/\/dog-vital.com\/#website\"},\"primaryImageOfPage\":{\"@id\":\"https:\/\/dog-vital.com\/?page_id=374#primaryimage\"},\"image\":{\"@id\":\"https:\/\/dog-vital.com\/?page_id=374#primaryimage\"},\"thumbnailUrl\":\"http:\/\/dog-vital.com\/wp-content\/uploads\/2018\/09\/22308561_1933650009993531_7587195707048578834_n.jpg\",\"datePublished\":\"2018-09-08T11:39:41+00:00\",\"dateModified\":\"2018-11-13T19:55:24+00:00\",\"breadcrumb\":{\"@id\":\"https:\/\/dog-vital.com\/?page_id=374#breadcrumb\"},\"inLanguage\":\"de\",\"potentialAction\":[{\"@type\":\"ReadAction\",\"target\":[\"https:\/\/dog-vital.com\/?page_id=374\"]}]},{\"@type\":\"ImageObject\",\"inLanguage\":\"de\",\"@id\":\"https:\/\/dog-vital.com\/?page_id=374#primaryimage\",\"url\":\"https:\/\/dog-vital.com\/wp-content\/uploads\/2018\/09\/22308561_1933650009993531_7587195707048578834_n.jpg\",\"contentUrl\":\"https:\/\/dog-vital.com\/wp-content\/uploads\/2018\/09\/22308561_1933650009993531_7587195707048578834_n.jpg\",\"width\":300,\"height\":300},{\"@type\":\"BreadcrumbList\",\"@id\":\"https:\/\/dog-vital.com\/?page_id=374#breadcrumb\",\"itemListElement\":[{\"@type\":\"ListItem\",\"position\":1,\"name\":\"Start\",\"item\":\"https:\/\/dog-vital.com\/\"},{\"@type\":\"ListItem\",\"position\":2,\"name\":\"Shop\"}]},{\"@type\":\"WebSite\",\"@id\":\"https:\/\/dog-vital.com\/#website\",\"url\":\"https:\/\/dog-vital.com\/\",\"name\":\"dog-vital.com\",\"description\":\"\",\"potentialAction\":[{\"@type\":\"SearchAction\",\"target\":{\"@type\":\"EntryPoint\",\"urlTemplate\":\"https:\/\/dog-vital.com\/?s={search_term_string}\"},\"query-input\":{\"@type\":\"PropertyValueSpecification\",\"valueRequired\":true,\"valueName\":\"search_term_string\"}}],\"inLanguage\":\"de\"}]}<\/script>\n<!-- \/ Yoast SEO plugin. -->","yoast_head_json":{"title":"Shop - dog-vital.com","robots":{"index":"index","follow":"follow","max-snippet":"max-snippet:-1","max-image-preview":"max-image-preview:large","max-video-preview":"max-video-preview:-1"},"canonical":"https:\/\/dog-vital.com\/?page_id=374","og_locale":"de_DE","og_type":"article","og_title":"Shop - dog-vital.com","og_description":"Bei uns erh\u00e4ltlich: Wir von dog-vital.com haben uns entschieden mit Partnern zusammenzuarbeiten, deren Produkte wir sowohl selbst verwenden als auch unseren Kunden nur empfehlen k\u00f6nnen. Ihr k\u00f6nnt die Produkte bei Interesse \u00fcber uns beziehen. Gerne beraten wir euch auch bei m\u00f6glichen Fragen zu den einzelnen Produkten. Die Hundebetten von DoggyBed wurden anfangs f\u00fcr Hunde entwickelt, Weiterlesen","og_url":"https:\/\/dog-vital.com\/?page_id=374","og_site_name":"dog-vital.com","article_modified_time":"2018-11-13T19:55:24+00:00","og_image":[{"url":"http:\/\/dog-vital.com\/wp-content\/uploads\/2018\/09\/22308561_1933650009993531_7587195707048578834_n.jpg","type":"","width":"","height":""}],"twitter_card":"summary_large_image","twitter_misc":{"Gesch\u00e4tzte Lesezeit":"2\u00a0Minuten"},"schema":{"@context":"https:\/\/schema.org","@graph":[{"@type":"WebPage","@id":"https:\/\/dog-vital.com\/?page_id=374","url":"https:\/\/dog-vital.com\/?page_id=374","name":"Shop - dog-vital.com","isPartOf":{"@id":"https:\/\/dog-vital.com\/#website"},"primaryImageOfPage":{"@id":"https:\/\/dog-vital.com\/?page_id=374#primaryimage"},"image":{"@id":"https:\/\/dog-vital.com\/?page_id=374#primaryimage"},"thumbnailUrl":"http:\/\/dog-vital.com\/wp-content\/uploads\/2018\/09\/22308561_1933650009993531_7587195707048578834_n.jpg","datePublished":"2018-09-08T11:39:41+00:00","dateModified":"2018-11-13T19:55:24+00:00","breadcrumb":{"@id":"https:\/\/dog-vital.com\/?page_id=374#breadcrumb"},"inLanguage":"de","potentialAction":[{"@type":"ReadAction","target":["https:\/\/dog-vital.com\/?page_id=374"]}]},{"@type":"ImageObject","inLanguage":"de","@id":"https:\/\/dog-vital.com\/?page_id=374#primaryimage","url":"https:\/\/dog-vital.com\/wp-content\/uploads\/2018\/09\/22308561_1933650009993531_7587195707048578834_n.jpg","contentUrl":"https:\/\/dog-vital.com\/wp-content\/uploads\/2018\/09\/22308561_1933650009993531_7587195707048578834_n.jpg","width":300,"height":300},{"@type":"BreadcrumbList","@id":"https:\/\/dog-vital.com\/?page_id=374#breadcrumb","itemListElement":[{"@type":"ListItem","position":1,"name":"Start","item":"https:\/\/dog-vital.com\/"},{"@type":"ListItem","position":2,"name":"Shop"}]},{"@type":"WebSite","@id":"https:\/\/dog-vital.com\/#website","url":"https:\/\/dog-vital.com\/","name":"dog-vital.com","description":"","potentialAction":[{"@type":"SearchAction","target":{"@type":"EntryPoint","urlTemplate":"https:\/\/dog-vital.com\/?s={search_term_string}"},"query-input":{"@type":"PropertyValueSpecification","valueRequired":true,"valueName":"search_term_string"}}],"inLanguage":"de"}]}},"_links":{"self":[{"href":"https:\/\/dog-vital.com\/index.php?rest_route=\/wp\/v2\/pages\/374","targetHints":{"allow":["GET"]}}],"collection":[{"href":"https:\/\/dog-vital.com\/index.php?rest_route=\/wp\/v2\/pages"}],"about":[{"href":"https:\/\/dog-vital.com\/index.php?rest_route=\/wp\/v2\/types\/page"}],"author":[{"embeddable":true,"href":"https:\/\/dog-vital.com\/index.php?rest_route=\/wp\/v2\/users\/1"}],"replies":[{"embeddable":true,"href":"https:\/\/dog-vital.com\/index.php?rest_route=%2Fwp%2Fv2%2Fcomments&post=374"}],"version-history":[{"count":6,"href":"https:\/\/dog-vital.com\/index.php?rest_route=\/wp\/v2\/pages\/374\/revisions"}],"predecessor-version":[{"id":442,"href":"https:\/\/dog-vital.com\/index.php?rest_route=\/wp\/v2\/pages\/374\/revisions\/442"}],"wp:attachment":[{"href":"https:\/\/dog-vital.com\/index.php?rest_route=%2Fwp%2Fv2%2Fmedia&parent=374"}],"curies":[{"name":"wp","href":"https:\/\/api.w.org\/{rel}","templated":true}]}}