{"id":361,"date":"2018-09-05T09:57:48","date_gmt":"2018-09-05T09:57:48","guid":{"rendered":"http:\/\/dog-vital.com\/?page_id=361"},"modified":"2019-01-18T19:12:45","modified_gmt":"2019-01-18T19:12:45","slug":"sporthundbetreuung","status":"publish","type":"page","link":"https:\/\/dog-vital.com\/?page_id=361","title":{"rendered":"Sporthundbetreuung"},"content":{"rendered":"<p>Ihr Sporthund kann w\u00e4hrend einer Meisterschaft, Qualifikation oder einem Turnier von mir betreut werden.<\/p>\n<p>Der Umfang wird dann mit dem Hundebesitzer abgesprochen. Hierbei wird genau geschaut, was er sich vorstellt und was machbar ist. Grunds\u00e4tzlich geh\u00f6rt dazu ein &#8222;Warm &#8211; up&#8220; vor der anstehenden Pr\u00fcfung, ein &#8222;cool &#8211; down&#8220; nach der Pr\u00fcfung und eine Behandlung wenn der Hund sich wieder etwas akklimatisiert hat unter anderen durch die Unterst\u00fctzung einer TENS (transkutane elektrische Nervenstimulation) Behandlung. Zudem wird ein Check der Vitalwerte vor dem Wettkampf durchgef\u00fchrt um m\u00f6gliche Abweichungen der Vitalwerte im Wettkampf besser einsch\u00e4tzen zu k\u00f6nnen hierbei k\u00f6nnen unter anderem auch moderne Trackingsysteme zum Einsatz kommen.<\/p>\n<p>[metaslider id=385]<\/p>\n","protected":false},"excerpt":{"rendered":"<p>Ihr Sporthund kann w\u00e4hrend einer Meisterschaft, Qualifikation oder einem Turnier von mir betreut werden. Der Umfang wird dann mit dem Hundebesitzer abgesprochen. Hierbei wird genau geschaut, was er sich vorstellt und was machbar ist. Grunds\u00e4tzlich geh\u00f6rt dazu ein &#8222;Warm &#8211; up&#8220; vor der anstehenden Pr\u00fcfung, ein &#8222;cool &#8211; down&#8220; nach der Pr\u00fcfung und eine Behandlung <a class=\"more-link\" href=\"https:\/\/dog-vital.com\/?page_id=361\">Weiterlesen <i class=\"fa fa-chevron-right\"><\/i><\/a><\/p>\n","protected":false},"author":1,"featured_media":0,"parent":136,"menu_order":0,"comment_status":"closed","ping_status":"closed","template":"","meta":{"footnotes":""},"class_list":["post-361","page","type-page","status-publish","hentry"],"yoast_head":"<!-- This site is optimized with the Yoast SEO plugin v26.6 - https:\/\/yoast.com\/wordpress\/plugins\/seo\/ -->\n<title>Sporthundbetreuung - dog-vital.com<\/title>\n<meta name=\"robots\" content=\"index, follow, max-snippet:-1, max-image-preview:large, max-video-preview:-1\" \/>\n<link rel=\"canonical\" href=\"https:\/\/dog-vital.com\/?page_id=361\" \/>\n<meta property=\"og:locale\" content=\"de_DE\" \/>\n<meta property=\"og:type\" content=\"article\" \/>\n<meta property=\"og:title\" content=\"Sporthundbetreuung - dog-vital.com\" \/>\n<meta property=\"og:description\" content=\"Ihr Sporthund kann w\u00e4hrend einer Meisterschaft, Qualifikation oder einem Turnier von mir betreut werden. Der Umfang wird dann mit dem Hundebesitzer abgesprochen. Hierbei wird genau geschaut, was er sich vorstellt und was machbar ist. Grunds\u00e4tzlich geh\u00f6rt dazu ein &#8222;Warm &#8211; up&#8220; vor der anstehenden Pr\u00fcfung, ein &#8222;cool &#8211; down&#8220; nach der Pr\u00fcfung und eine Behandlung Weiterlesen\" \/>\n<meta property=\"og:url\" content=\"https:\/\/dog-vital.com\/?page_id=361\" \/>\n<meta property=\"og:site_name\" content=\"dog-vital.com\" \/>\n<meta property=\"article:modified_time\" content=\"2019-01-18T19:12:45+00:00\" \/>\n<meta name=\"twitter:card\" content=\"summary_large_image\" \/>\n<meta name=\"twitter:label1\" content=\"Gesch\u00e4tzte Lesezeit\" \/>\n\t<meta name=\"twitter:data1\" content=\"1\u00a0Minute\" \/>\n<script type=\"application\/ld+json\" class=\"yoast-schema-graph\">{\"@context\":\"https:\/\/schema.org\",\"@graph\":[{\"@type\":\"WebPage\",\"@id\":\"https:\/\/dog-vital.com\/?page_id=361\",\"url\":\"https:\/\/dog-vital.com\/?page_id=361\",\"name\":\"Sporthundbetreuung - dog-vital.com\",\"isPartOf\":{\"@id\":\"https:\/\/dog-vital.com\/#website\"},\"datePublished\":\"2018-09-05T09:57:48+00:00\",\"dateModified\":\"2019-01-18T19:12:45+00:00\",\"breadcrumb\":{\"@id\":\"https:\/\/dog-vital.com\/?page_id=361#breadcrumb\"},\"inLanguage\":\"de\",\"potentialAction\":[{\"@type\":\"ReadAction\",\"target\":[\"https:\/\/dog-vital.com\/?page_id=361\"]}]},{\"@type\":\"BreadcrumbList\",\"@id\":\"https:\/\/dog-vital.com\/?page_id=361#breadcrumb\",\"itemListElement\":[{\"@type\":\"ListItem\",\"position\":1,\"name\":\"Start\",\"item\":\"https:\/\/dog-vital.com\/\"},{\"@type\":\"ListItem\",\"position\":2,\"name\":\"Leistungsangebot\",\"item\":\"https:\/\/dog-vital.com\/?page_id=136\"},{\"@type\":\"ListItem\",\"position\":3,\"name\":\"Sporthundbetreuung\"}]},{\"@type\":\"WebSite\",\"@id\":\"https:\/\/dog-vital.com\/#website\",\"url\":\"https:\/\/dog-vital.com\/\",\"name\":\"dog-vital.com\",\"description\":\"\",\"potentialAction\":[{\"@type\":\"SearchAction\",\"target\":{\"@type\":\"EntryPoint\",\"urlTemplate\":\"https:\/\/dog-vital.com\/?s={search_term_string}\"},\"query-input\":{\"@type\":\"PropertyValueSpecification\",\"valueRequired\":true,\"valueName\":\"search_term_string\"}}],\"inLanguage\":\"de\"}]}<\/script>\n<!-- \/ Yoast SEO plugin. -->","yoast_head_json":{"title":"Sporthundbetreuung - dog-vital.com","robots":{"index":"index","follow":"follow","max-snippet":"max-snippet:-1","max-image-preview":"max-image-preview:large","max-video-preview":"max-video-preview:-1"},"canonical":"https:\/\/dog-vital.com\/?page_id=361","og_locale":"de_DE","og_type":"article","og_title":"Sporthundbetreuung - dog-vital.com","og_description":"Ihr Sporthund kann w\u00e4hrend einer Meisterschaft, Qualifikation oder einem Turnier von mir betreut werden. Der Umfang wird dann mit dem Hundebesitzer abgesprochen. Hierbei wird genau geschaut, was er sich vorstellt und was machbar ist. Grunds\u00e4tzlich geh\u00f6rt dazu ein &#8222;Warm &#8211; up&#8220; vor der anstehenden Pr\u00fcfung, ein &#8222;cool &#8211; down&#8220; nach der Pr\u00fcfung und eine Behandlung Weiterlesen","og_url":"https:\/\/dog-vital.com\/?page_id=361","og_site_name":"dog-vital.com","article_modified_time":"2019-01-18T19:12:45+00:00","twitter_card":"summary_large_image","twitter_misc":{"Gesch\u00e4tzte Lesezeit":"1\u00a0Minute"},"schema":{"@context":"https:\/\/schema.org","@graph":[{"@type":"WebPage","@id":"https:\/\/dog-vital.com\/?page_id=361","url":"https:\/\/dog-vital.com\/?page_id=361","name":"Sporthundbetreuung - dog-vital.com","isPartOf":{"@id":"https:\/\/dog-vital.com\/#website"},"datePublished":"2018-09-05T09:57:48+00:00","dateModified":"2019-01-18T19:12:45+00:00","breadcrumb":{"@id":"https:\/\/dog-vital.com\/?page_id=361#breadcrumb"},"inLanguage":"de","potentialAction":[{"@type":"ReadAction","target":["https:\/\/dog-vital.com\/?page_id=361"]}]},{"@type":"BreadcrumbList","@id":"https:\/\/dog-vital.com\/?page_id=361#breadcrumb","itemListElement":[{"@type":"ListItem","position":1,"name":"Start","item":"https:\/\/dog-vital.com\/"},{"@type":"ListItem","position":2,"name":"Leistungsangebot","item":"https:\/\/dog-vital.com\/?page_id=136"},{"@type":"ListItem","position":3,"name":"Sporthundbetreuung"}]},{"@type":"WebSite","@id":"https:\/\/dog-vital.com\/#website","url":"https:\/\/dog-vital.com\/","name":"dog-vital.com","description":"","potentialAction":[{"@type":"SearchAction","target":{"@type":"EntryPoint","urlTemplate":"https:\/\/dog-vital.com\/?s={search_term_string}"},"query-input":{"@type":"PropertyValueSpecification","valueRequired":true,"valueName":"search_term_string"}}],"inLanguage":"de"}]}},"_links":{"self":[{"href":"https:\/\/dog-vital.com\/index.php?rest_route=\/wp\/v2\/pages\/361","targetHints":{"allow":["GET"]}}],"collection":[{"href":"https:\/\/dog-vital.com\/index.php?rest_route=\/wp\/v2\/pages"}],"about":[{"href":"https:\/\/dog-vital.com\/index.php?rest_route=\/wp\/v2\/types\/page"}],"author":[{"embeddable":true,"href":"https:\/\/dog-vital.com\/index.php?rest_route=\/wp\/v2\/users\/1"}],"replies":[{"embeddable":true,"href":"https:\/\/dog-vital.com\/index.php?rest_route=%2Fwp%2Fv2%2Fcomments&post=361"}],"version-history":[{"count":6,"href":"https:\/\/dog-vital.com\/index.php?rest_route=\/wp\/v2\/pages\/361\/revisions"}],"predecessor-version":[{"id":460,"href":"https:\/\/dog-vital.com\/index.php?rest_route=\/wp\/v2\/pages\/361\/revisions\/460"}],"up":[{"embeddable":true,"href":"https:\/\/dog-vital.com\/index.php?rest_route=\/wp\/v2\/pages\/136"}],"wp:attachment":[{"href":"https:\/\/dog-vital.com\/index.php?rest_route=%2Fwp%2Fv2%2Fmedia&parent=361"}],"curies":[{"name":"wp","href":"https:\/\/api.w.org\/{rel}","templated":true}]}}