{"id":26,"date":"2018-02-09T14:38:15","date_gmt":"2018-02-09T14:38:15","guid":{"rendered":"http:\/\/dog-vital.com\/?page_id=26"},"modified":"2020-11-29T10:37:38","modified_gmt":"2020-11-29T10:37:38","slug":"ueber-mich","status":"publish","type":"page","link":"https:\/\/dog-vital.com\/?page_id=26","title":{"rendered":"\u00dcber mich"},"content":{"rendered":"<p>Mein Name ist Kevin Kramer, am 30.06.1988 erblickte ich das Licht der Welt.<\/p>\n<p>Einen eigenen Hund wollte ich eigentlich schon in fr\u00fchster Kindheit. Doch es dauerte noch einige Zeit bis ich mir diesen Wunsch erf\u00fcllen konnte.<\/p>\n<p><img loading=\"lazy\" decoding=\"async\" class=\" wp-image-455 alignright\" src=\"http:\/\/dog-vital.com\/wp-content\/uploads\/2019\/01\/IMG_6196Licht2web-200x300.jpg\" alt=\"\" width=\"299\" height=\"449\" srcset=\"https:\/\/dog-vital.com\/wp-content\/uploads\/2019\/01\/IMG_6196Licht2web-200x300.jpg 200w, https:\/\/dog-vital.com\/wp-content\/uploads\/2019\/01\/IMG_6196Licht2web.jpg 669w\" sizes=\"auto, (max-width: 299px) 100vw, 299px\" \/><\/p>\n<p>Mein erster eigener Hund &#8211;\u00a0Boxermix Reika &#8211; kam im Sommer 2009 zu mir. Reika und ich verbrachten viel Zeit auf dem Hundeplatz oder im Feld, denn der Hundesport ist zu unserer<br \/>\ngemeinsamen Besch\u00e4ftigung geworden, die uns sehr viel Spa\u00df macht. Als Reika dann immer \u00e4lter wurde, kamen auch die ersten Probleme. Reika entwickelte immer mehr Schmerzen in der Hinterhand, so dass man von einer leichten HD ausgehen konnte. Aus diesem Grund befasste ich mich immer mehr mit Hundephysiotherapie, um sie dennoch weiterhin in ihrer Beweglichkeit zu unterst\u00fctzen.<\/p>\n<p>Unser zweiter Hund -Boxer Gangsta von der Kahlquelle- zog dann im Sommer 2016 ein. Gangsta sollte anders als Reika von Anfang an im IPO-Hundesport gef\u00fchrt werden. Aus diesem Grund war es mir sehr wichtig ihm auch die n\u00f6tige F\u00f6rderung im Bereich der Physiotherapie zu geben, um ihn so m\u00f6glichst lange fit und gesund sportlich f\u00fchren zu k\u00f6nnen.<\/p>\n<p>Dies waren die Gr\u00fcnde warum ich mich f\u00fcr die\u00a0Ausbildung zum \u201ePhysiotherapeuten f\u00fcr Hunde\u201c entschieden habe. Diese Ausbildung zum Physiotherapeuten f\u00fcr Hunde konnte ich 2020 erfolgreich am IfT (Institut f\u00fcr Tierheilkunde) in Hamburg abschlie\u00dfen. Dar\u00fcber hinaus habe ich \u00a0Zusatzausbildungen neben der eigentlichen Ausbildung zum \u201ePhysiotherapeuten f\u00fcr Hunde\u201c \u00a0unter anderem in der Blutegeltherapie. Ich freue mich, wenn ich euch und euren Hunden helfen darf und kann.<\/p>\n","protected":false},"excerpt":{"rendered":"<p>Mein Name ist Kevin Kramer, am 30.06.1988 erblickte ich das Licht der Welt. Einen eigenen Hund wollte ich eigentlich schon in fr\u00fchster Kindheit. Doch es dauerte noch einige Zeit bis ich mir diesen Wunsch erf\u00fcllen konnte. Mein erster eigener Hund &#8211;\u00a0Boxermix Reika &#8211; kam im Sommer 2009 zu mir. Reika und ich verbrachten viel Zeit <a class=\"more-link\" href=\"https:\/\/dog-vital.com\/?page_id=26\">Weiterlesen <i class=\"fa fa-chevron-right\"><\/i><\/a><\/p>\n","protected":false},"author":1,"featured_media":0,"parent":0,"menu_order":0,"comment_status":"closed","ping_status":"closed","template":"","meta":{"footnotes":""},"class_list":["post-26","page","type-page","status-publish","hentry"],"yoast_head":"<!-- This site is optimized with the Yoast SEO plugin v26.6 - https:\/\/yoast.com\/wordpress\/plugins\/seo\/ -->\n<title>\u00dcber mich - dog-vital.com<\/title>\n<meta name=\"robots\" content=\"index, follow, max-snippet:-1, max-image-preview:large, max-video-preview:-1\" \/>\n<link rel=\"canonical\" href=\"https:\/\/dog-vital.com\/?page_id=26\" \/>\n<meta property=\"og:locale\" content=\"de_DE\" \/>\n<meta property=\"og:type\" content=\"article\" \/>\n<meta property=\"og:title\" content=\"\u00dcber mich - dog-vital.com\" \/>\n<meta property=\"og:description\" content=\"Mein Name ist Kevin Kramer, am 30.06.1988 erblickte ich das Licht der Welt. Einen eigenen Hund wollte ich eigentlich schon in fr\u00fchster Kindheit. Doch es dauerte noch einige Zeit bis ich mir diesen Wunsch erf\u00fcllen konnte. Mein erster eigener Hund &#8211;\u00a0Boxermix Reika &#8211; kam im Sommer 2009 zu mir. Reika und ich verbrachten viel Zeit Weiterlesen\" \/>\n<meta property=\"og:url\" content=\"https:\/\/dog-vital.com\/?page_id=26\" \/>\n<meta property=\"og:site_name\" content=\"dog-vital.com\" \/>\n<meta property=\"article:modified_time\" content=\"2020-11-29T10:37:38+00:00\" \/>\n<meta property=\"og:image\" content=\"http:\/\/dog-vital.com\/wp-content\/uploads\/2019\/01\/IMG_6196Licht2web-200x300.jpg\" \/>\n<meta name=\"twitter:card\" content=\"summary_large_image\" \/>\n<meta name=\"twitter:label1\" content=\"Gesch\u00e4tzte Lesezeit\" \/>\n\t<meta name=\"twitter:data1\" content=\"1\u00a0Minute\" \/>\n<script type=\"application\/ld+json\" class=\"yoast-schema-graph\">{\"@context\":\"https:\/\/schema.org\",\"@graph\":[{\"@type\":\"WebPage\",\"@id\":\"https:\/\/dog-vital.com\/?page_id=26\",\"url\":\"https:\/\/dog-vital.com\/?page_id=26\",\"name\":\"\u00dcber mich - dog-vital.com\",\"isPartOf\":{\"@id\":\"https:\/\/dog-vital.com\/#website\"},\"primaryImageOfPage\":{\"@id\":\"https:\/\/dog-vital.com\/?page_id=26#primaryimage\"},\"image\":{\"@id\":\"https:\/\/dog-vital.com\/?page_id=26#primaryimage\"},\"thumbnailUrl\":\"http:\/\/dog-vital.com\/wp-content\/uploads\/2019\/01\/IMG_6196Licht2web-200x300.jpg\",\"datePublished\":\"2018-02-09T14:38:15+00:00\",\"dateModified\":\"2020-11-29T10:37:38+00:00\",\"breadcrumb\":{\"@id\":\"https:\/\/dog-vital.com\/?page_id=26#breadcrumb\"},\"inLanguage\":\"de\",\"potentialAction\":[{\"@type\":\"ReadAction\",\"target\":[\"https:\/\/dog-vital.com\/?page_id=26\"]}]},{\"@type\":\"ImageObject\",\"inLanguage\":\"de\",\"@id\":\"https:\/\/dog-vital.com\/?page_id=26#primaryimage\",\"url\":\"https:\/\/dog-vital.com\/wp-content\/uploads\/2019\/01\/IMG_6196Licht2web.jpg\",\"contentUrl\":\"https:\/\/dog-vital.com\/wp-content\/uploads\/2019\/01\/IMG_6196Licht2web.jpg\",\"width\":669,\"height\":1002},{\"@type\":\"BreadcrumbList\",\"@id\":\"https:\/\/dog-vital.com\/?page_id=26#breadcrumb\",\"itemListElement\":[{\"@type\":\"ListItem\",\"position\":1,\"name\":\"Start\",\"item\":\"https:\/\/dog-vital.com\/\"},{\"@type\":\"ListItem\",\"position\":2,\"name\":\"\u00dcber mich\"}]},{\"@type\":\"WebSite\",\"@id\":\"https:\/\/dog-vital.com\/#website\",\"url\":\"https:\/\/dog-vital.com\/\",\"name\":\"dog-vital.com\",\"description\":\"\",\"potentialAction\":[{\"@type\":\"SearchAction\",\"target\":{\"@type\":\"EntryPoint\",\"urlTemplate\":\"https:\/\/dog-vital.com\/?s={search_term_string}\"},\"query-input\":{\"@type\":\"PropertyValueSpecification\",\"valueRequired\":true,\"valueName\":\"search_term_string\"}}],\"inLanguage\":\"de\"}]}<\/script>\n<!-- \/ Yoast SEO plugin. -->","yoast_head_json":{"title":"\u00dcber mich - dog-vital.com","robots":{"index":"index","follow":"follow","max-snippet":"max-snippet:-1","max-image-preview":"max-image-preview:large","max-video-preview":"max-video-preview:-1"},"canonical":"https:\/\/dog-vital.com\/?page_id=26","og_locale":"de_DE","og_type":"article","og_title":"\u00dcber mich - dog-vital.com","og_description":"Mein Name ist Kevin Kramer, am 30.06.1988 erblickte ich das Licht der Welt. Einen eigenen Hund wollte ich eigentlich schon in fr\u00fchster Kindheit. Doch es dauerte noch einige Zeit bis ich mir diesen Wunsch erf\u00fcllen konnte. Mein erster eigener Hund &#8211;\u00a0Boxermix Reika &#8211; kam im Sommer 2009 zu mir. Reika und ich verbrachten viel Zeit Weiterlesen","og_url":"https:\/\/dog-vital.com\/?page_id=26","og_site_name":"dog-vital.com","article_modified_time":"2020-11-29T10:37:38+00:00","og_image":[{"url":"http:\/\/dog-vital.com\/wp-content\/uploads\/2019\/01\/IMG_6196Licht2web-200x300.jpg","type":"","width":"","height":""}],"twitter_card":"summary_large_image","twitter_misc":{"Gesch\u00e4tzte Lesezeit":"1\u00a0Minute"},"schema":{"@context":"https:\/\/schema.org","@graph":[{"@type":"WebPage","@id":"https:\/\/dog-vital.com\/?page_id=26","url":"https:\/\/dog-vital.com\/?page_id=26","name":"\u00dcber mich - dog-vital.com","isPartOf":{"@id":"https:\/\/dog-vital.com\/#website"},"primaryImageOfPage":{"@id":"https:\/\/dog-vital.com\/?page_id=26#primaryimage"},"image":{"@id":"https:\/\/dog-vital.com\/?page_id=26#primaryimage"},"thumbnailUrl":"http:\/\/dog-vital.com\/wp-content\/uploads\/2019\/01\/IMG_6196Licht2web-200x300.jpg","datePublished":"2018-02-09T14:38:15+00:00","dateModified":"2020-11-29T10:37:38+00:00","breadcrumb":{"@id":"https:\/\/dog-vital.com\/?page_id=26#breadcrumb"},"inLanguage":"de","potentialAction":[{"@type":"ReadAction","target":["https:\/\/dog-vital.com\/?page_id=26"]}]},{"@type":"ImageObject","inLanguage":"de","@id":"https:\/\/dog-vital.com\/?page_id=26#primaryimage","url":"https:\/\/dog-vital.com\/wp-content\/uploads\/2019\/01\/IMG_6196Licht2web.jpg","contentUrl":"https:\/\/dog-vital.com\/wp-content\/uploads\/2019\/01\/IMG_6196Licht2web.jpg","width":669,"height":1002},{"@type":"BreadcrumbList","@id":"https:\/\/dog-vital.com\/?page_id=26#breadcrumb","itemListElement":[{"@type":"ListItem","position":1,"name":"Start","item":"https:\/\/dog-vital.com\/"},{"@type":"ListItem","position":2,"name":"\u00dcber mich"}]},{"@type":"WebSite","@id":"https:\/\/dog-vital.com\/#website","url":"https:\/\/dog-vital.com\/","name":"dog-vital.com","description":"","potentialAction":[{"@type":"SearchAction","target":{"@type":"EntryPoint","urlTemplate":"https:\/\/dog-vital.com\/?s={search_term_string}"},"query-input":{"@type":"PropertyValueSpecification","valueRequired":true,"valueName":"search_term_string"}}],"inLanguage":"de"}]}},"_links":{"self":[{"href":"https:\/\/dog-vital.com\/index.php?rest_route=\/wp\/v2\/pages\/26","targetHints":{"allow":["GET"]}}],"collection":[{"href":"https:\/\/dog-vital.com\/index.php?rest_route=\/wp\/v2\/pages"}],"about":[{"href":"https:\/\/dog-vital.com\/index.php?rest_route=\/wp\/v2\/types\/page"}],"author":[{"embeddable":true,"href":"https:\/\/dog-vital.com\/index.php?rest_route=\/wp\/v2\/users\/1"}],"replies":[{"embeddable":true,"href":"https:\/\/dog-vital.com\/index.php?rest_route=%2Fwp%2Fv2%2Fcomments&post=26"}],"version-history":[{"count":16,"href":"https:\/\/dog-vital.com\/index.php?rest_route=\/wp\/v2\/pages\/26\/revisions"}],"predecessor-version":[{"id":528,"href":"https:\/\/dog-vital.com\/index.php?rest_route=\/wp\/v2\/pages\/26\/revisions\/528"}],"wp:attachment":[{"href":"https:\/\/dog-vital.com\/index.php?rest_route=%2Fwp%2Fv2%2Fmedia&parent=26"}],"curies":[{"name":"wp","href":"https:\/\/api.w.org\/{rel}","templated":true}]}}