{"id":146,"date":"2018-02-23T14:29:55","date_gmt":"2018-02-23T14:29:55","guid":{"rendered":"http:\/\/dog-vital.com\/?page_id=146"},"modified":"2018-10-15T10:33:26","modified_gmt":"2018-10-15T10:33:26","slug":"blutegel-therapie","status":"publish","type":"page","link":"https:\/\/dog-vital.com\/?page_id=146","title":{"rendered":"Blutegel-Therapie"},"content":{"rendered":"<p>Die Behandlung mit Blutegeln z\u00e4hlt mit zu den \u00e4ltesten Heilmethoden, die die Menschheit kennt. W\u00e4hrend der Behandlung mit medizinische Blutegel geben diese medizinisch wirksamen Substanzen an den Patienten ab. Diese Substanzen wirken unter anderem schmerzlindernd, entz\u00fcndungshemmend und durchblutungsf\u00f6rdernd.<\/p>\n<p>Anwendungsgebiete der Therapie:<\/p>\n<ul>\n<li>Arthrose<\/li>\n<li>Abzesse<\/li>\n<li>Bluterg\u00fcsse<\/li>\n<li>Blutohr<\/li>\n<li>Kreuzbandriss<\/li>\n<li>Wundheilungsst\u00f6rung<\/li>\n<li>Muskelverh\u00e4rtung<\/li>\n<li>Gelenkfehlbildung wie HD oder ED<\/li>\n<li>Spondylose<\/li>\n<\/ul>\n<p>und vielen mehr.<\/p>\n<p>F\u00fcr meine Behandlung verwende ich ausschlie\u00dflich Blutegel aus spezieller Zucht. Zudem wird jeder Egel nur einmal therapeutisch verwendet.<\/p>\n<p>&nbsp;<\/p>\n<p>[metaslider id=336]<\/p>\n","protected":false},"excerpt":{"rendered":"<p>Die Behandlung mit Blutegeln z\u00e4hlt mit zu den \u00e4ltesten Heilmethoden, die die Menschheit kennt. W\u00e4hrend der Behandlung mit medizinische Blutegel geben diese medizinisch wirksamen Substanzen an den Patienten ab. Diese Substanzen wirken unter anderem schmerzlindernd, entz\u00fcndungshemmend und durchblutungsf\u00f6rdernd. Anwendungsgebiete der Therapie: Arthrose Abzesse Bluterg\u00fcsse Blutohr Kreuzbandriss Wundheilungsst\u00f6rung Muskelverh\u00e4rtung Gelenkfehlbildung wie HD oder ED Spondylose und <a class=\"more-link\" href=\"https:\/\/dog-vital.com\/?page_id=146\">Weiterlesen <i class=\"fa fa-chevron-right\"><\/i><\/a><\/p>\n","protected":false},"author":1,"featured_media":0,"parent":136,"menu_order":0,"comment_status":"closed","ping_status":"closed","template":"","meta":{"footnotes":""},"class_list":["post-146","page","type-page","status-publish","hentry"],"yoast_head":"<!-- This site is optimized with the Yoast SEO plugin v26.6 - https:\/\/yoast.com\/wordpress\/plugins\/seo\/ -->\n<title>Blutegel-Therapie - dog-vital.com<\/title>\n<meta name=\"robots\" content=\"index, follow, max-snippet:-1, max-image-preview:large, max-video-preview:-1\" \/>\n<link rel=\"canonical\" href=\"https:\/\/dog-vital.com\/?page_id=146\" \/>\n<meta property=\"og:locale\" content=\"de_DE\" \/>\n<meta property=\"og:type\" content=\"article\" \/>\n<meta property=\"og:title\" content=\"Blutegel-Therapie - dog-vital.com\" \/>\n<meta property=\"og:description\" content=\"Die Behandlung mit Blutegeln z\u00e4hlt mit zu den \u00e4ltesten Heilmethoden, die die Menschheit kennt. W\u00e4hrend der Behandlung mit medizinische Blutegel geben diese medizinisch wirksamen Substanzen an den Patienten ab. Diese Substanzen wirken unter anderem schmerzlindernd, entz\u00fcndungshemmend und durchblutungsf\u00f6rdernd. Anwendungsgebiete der Therapie: Arthrose Abzesse Bluterg\u00fcsse Blutohr Kreuzbandriss Wundheilungsst\u00f6rung Muskelverh\u00e4rtung Gelenkfehlbildung wie HD oder ED Spondylose und Weiterlesen\" \/>\n<meta property=\"og:url\" content=\"https:\/\/dog-vital.com\/?page_id=146\" \/>\n<meta property=\"og:site_name\" content=\"dog-vital.com\" \/>\n<meta property=\"article:modified_time\" content=\"2018-10-15T10:33:26+00:00\" \/>\n<meta name=\"twitter:card\" content=\"summary_large_image\" \/>\n<script type=\"application\/ld+json\" class=\"yoast-schema-graph\">{\"@context\":\"https:\/\/schema.org\",\"@graph\":[{\"@type\":\"WebPage\",\"@id\":\"https:\/\/dog-vital.com\/?page_id=146\",\"url\":\"https:\/\/dog-vital.com\/?page_id=146\",\"name\":\"Blutegel-Therapie - dog-vital.com\",\"isPartOf\":{\"@id\":\"https:\/\/dog-vital.com\/#website\"},\"datePublished\":\"2018-02-23T14:29:55+00:00\",\"dateModified\":\"2018-10-15T10:33:26+00:00\",\"breadcrumb\":{\"@id\":\"https:\/\/dog-vital.com\/?page_id=146#breadcrumb\"},\"inLanguage\":\"de\",\"potentialAction\":[{\"@type\":\"ReadAction\",\"target\":[\"https:\/\/dog-vital.com\/?page_id=146\"]}]},{\"@type\":\"BreadcrumbList\",\"@id\":\"https:\/\/dog-vital.com\/?page_id=146#breadcrumb\",\"itemListElement\":[{\"@type\":\"ListItem\",\"position\":1,\"name\":\"Start\",\"item\":\"https:\/\/dog-vital.com\/\"},{\"@type\":\"ListItem\",\"position\":2,\"name\":\"Leistungsangebot\",\"item\":\"https:\/\/dog-vital.com\/?page_id=136\"},{\"@type\":\"ListItem\",\"position\":3,\"name\":\"Blutegel-Therapie\"}]},{\"@type\":\"WebSite\",\"@id\":\"https:\/\/dog-vital.com\/#website\",\"url\":\"https:\/\/dog-vital.com\/\",\"name\":\"dog-vital.com\",\"description\":\"\",\"potentialAction\":[{\"@type\":\"SearchAction\",\"target\":{\"@type\":\"EntryPoint\",\"urlTemplate\":\"https:\/\/dog-vital.com\/?s={search_term_string}\"},\"query-input\":{\"@type\":\"PropertyValueSpecification\",\"valueRequired\":true,\"valueName\":\"search_term_string\"}}],\"inLanguage\":\"de\"}]}<\/script>\n<!-- \/ Yoast SEO plugin. -->","yoast_head_json":{"title":"Blutegel-Therapie - dog-vital.com","robots":{"index":"index","follow":"follow","max-snippet":"max-snippet:-1","max-image-preview":"max-image-preview:large","max-video-preview":"max-video-preview:-1"},"canonical":"https:\/\/dog-vital.com\/?page_id=146","og_locale":"de_DE","og_type":"article","og_title":"Blutegel-Therapie - dog-vital.com","og_description":"Die Behandlung mit Blutegeln z\u00e4hlt mit zu den \u00e4ltesten Heilmethoden, die die Menschheit kennt. W\u00e4hrend der Behandlung mit medizinische Blutegel geben diese medizinisch wirksamen Substanzen an den Patienten ab. Diese Substanzen wirken unter anderem schmerzlindernd, entz\u00fcndungshemmend und durchblutungsf\u00f6rdernd. Anwendungsgebiete der Therapie: Arthrose Abzesse Bluterg\u00fcsse Blutohr Kreuzbandriss Wundheilungsst\u00f6rung Muskelverh\u00e4rtung Gelenkfehlbildung wie HD oder ED Spondylose und Weiterlesen","og_url":"https:\/\/dog-vital.com\/?page_id=146","og_site_name":"dog-vital.com","article_modified_time":"2018-10-15T10:33:26+00:00","twitter_card":"summary_large_image","schema":{"@context":"https:\/\/schema.org","@graph":[{"@type":"WebPage","@id":"https:\/\/dog-vital.com\/?page_id=146","url":"https:\/\/dog-vital.com\/?page_id=146","name":"Blutegel-Therapie - dog-vital.com","isPartOf":{"@id":"https:\/\/dog-vital.com\/#website"},"datePublished":"2018-02-23T14:29:55+00:00","dateModified":"2018-10-15T10:33:26+00:00","breadcrumb":{"@id":"https:\/\/dog-vital.com\/?page_id=146#breadcrumb"},"inLanguage":"de","potentialAction":[{"@type":"ReadAction","target":["https:\/\/dog-vital.com\/?page_id=146"]}]},{"@type":"BreadcrumbList","@id":"https:\/\/dog-vital.com\/?page_id=146#breadcrumb","itemListElement":[{"@type":"ListItem","position":1,"name":"Start","item":"https:\/\/dog-vital.com\/"},{"@type":"ListItem","position":2,"name":"Leistungsangebot","item":"https:\/\/dog-vital.com\/?page_id=136"},{"@type":"ListItem","position":3,"name":"Blutegel-Therapie"}]},{"@type":"WebSite","@id":"https:\/\/dog-vital.com\/#website","url":"https:\/\/dog-vital.com\/","name":"dog-vital.com","description":"","potentialAction":[{"@type":"SearchAction","target":{"@type":"EntryPoint","urlTemplate":"https:\/\/dog-vital.com\/?s={search_term_string}"},"query-input":{"@type":"PropertyValueSpecification","valueRequired":true,"valueName":"search_term_string"}}],"inLanguage":"de"}]}},"_links":{"self":[{"href":"https:\/\/dog-vital.com\/index.php?rest_route=\/wp\/v2\/pages\/146","targetHints":{"allow":["GET"]}}],"collection":[{"href":"https:\/\/dog-vital.com\/index.php?rest_route=\/wp\/v2\/pages"}],"about":[{"href":"https:\/\/dog-vital.com\/index.php?rest_route=\/wp\/v2\/types\/page"}],"author":[{"embeddable":true,"href":"https:\/\/dog-vital.com\/index.php?rest_route=\/wp\/v2\/users\/1"}],"replies":[{"embeddable":true,"href":"https:\/\/dog-vital.com\/index.php?rest_route=%2Fwp%2Fv2%2Fcomments&post=146"}],"version-history":[{"count":6,"href":"https:\/\/dog-vital.com\/index.php?rest_route=\/wp\/v2\/pages\/146\/revisions"}],"predecessor-version":[{"id":437,"href":"https:\/\/dog-vital.com\/index.php?rest_route=\/wp\/v2\/pages\/146\/revisions\/437"}],"up":[{"embeddable":true,"href":"https:\/\/dog-vital.com\/index.php?rest_route=\/wp\/v2\/pages\/136"}],"wp:attachment":[{"href":"https:\/\/dog-vital.com\/index.php?rest_route=%2Fwp%2Fv2%2Fmedia&parent=146"}],"curies":[{"name":"wp","href":"https:\/\/api.w.org\/{rel}","templated":true}]}}